{"id":27,"date":"2015-02-24T21:58:07","date_gmt":"2015-02-24T21:58:07","guid":{"rendered":"https:\/\/www.medicina.ufmg.br\/ped\/?page_id=27"},"modified":"2026-03-19T14:37:05","modified_gmt":"2026-03-19T14:37:05","slug":"corpo-docente","status":"publish","type":"page","link":"https:\/\/www.medicina.ufmg.br\/ped\/corpo-docente\/","title":{"rendered":"Corpo Docente"},"content":{"rendered":"\n<figure class=\"wp-block-table\"><table class=\"has-fixed-layout\"><tbody><tr><td>Nome<\/td><td>Titula\u00e7\u00e3o<\/td><\/tr><tr><td><a href=\"http:\/\/lattes.cnpq.br\/8656226697379536\">Adriana Teixeira Rodrigues<\/a><\/td><td>Doutorado<\/td><\/tr><tr><td><a href=\"http:\/\/buscatextual.cnpq.br\/buscatextual\/visualizacv.do?metodo=apresentar&amp;id=K4753688T4\">Alexandre Rodrigues Ferreira<\/a><\/td><td>Doutorado<\/td><\/tr><tr><td><a href=\"http:\/\/buscatextual.cnpq.br\/buscatextual\/visualizacv.do?id=K4325527Y4\">Aline Almeida Bentes<\/a><\/td><td>Doutorado<\/td><\/tr><tr><td><a href=\"http:\/\/buscatextual.cnpq.br\/buscatextual\/visualizacv.do?metodo=apresentar&amp;id=K4723809E4\">Ana Cristina Sim\u00f5es e Silva<\/a><\/td><td>P\u00f3s-Doutorado<\/td><\/tr><tr><td><a href=\"https:\/\/www.medicina.ufmg.br\/ped\/corpo-docente\/\">Ana Elisa Ribeiro Fernandes<\/a><\/td><td>&nbsp;Mestrado<\/td><\/tr><tr><td><a href=\"http:\/\/lattes.cnpq.br\/7977088155464443\">Ana Maria Costa da Silva Lopes<\/a><\/td><td>&nbsp;Doutorado<\/td><\/tr><tr><td>Ana Paula Pereira de Oliveira<\/td><td>Mestrado<\/td><\/tr><tr><td><a href=\"http:\/\/buscatextual.cnpq.br\/buscatextual\/visualizacv.do?metodo=apresentar&amp;id=K4760311P9\">Benigna Maria de Oliveira<\/a><\/td><td>&nbsp;Doutorado<\/td><\/tr><tr><td><a href=\"http:\/\/lattes.cnpq.br\/1311859016288960\">Camila Silva Peres Cancela<\/a><\/td><td>&nbsp;Doutorado<\/td><\/tr><tr><td><a href=\"http:\/\/buscatextual.cnpq.br\/buscatextual\/visualizacv.do?metodo=apresentar&amp;id=K4707951Z3\">C\u00e1ssio da Cunha Ibiapina<\/a><\/td><td>&nbsp;P\u00f3s-Doutorado<\/td><\/tr><tr><td><a href=\"http:\/\/lattes.cnpq.br\/0337298986758201\">Cl\u00e1udia Machado Siqueira<\/a><\/td><td>&nbsp;Doutorado<\/td><\/tr><tr><td><a href=\"http:\/\/buscatextual.cnpq.br\/buscatextual\/visualizacv.do?metodo=apresentar&amp;id=K4784542E6\">Cl\u00e1udia Regina Lindgren Alves<\/a><\/td><td>&nbsp;Doutorado<\/td><\/tr><tr><td><a href=\"http:\/\/buscatextual.cnpq.br\/buscatextual\/visualizacv.do?metodo=apresentar&amp;id=K4739395Y0\">Cl\u00e1udia Ribeiro de Andrade<\/a><\/td><td>&nbsp;Doutorado<\/td><\/tr><tr><td><a href=\"http:\/\/lattes.cnpq.br\/9267111928280200\">Cristiane dos Santos Dias<\/a><\/td><td>&nbsp;Doutorado<\/td><\/tr><tr><td><a href=\"http:\/\/lattes.cnpq.br\/2402884582633997\">Cristina Botelho Barra<\/a><\/td><td>&nbsp;Doutorado<\/td><\/tr><tr><td><a href=\"http:\/\/buscatextual.cnpq.br\/buscatextual\/visualizacv.do?metodo=apresentar&amp;id=K4796414Y4\">Cristina Gon\u00e7alves Alvim<\/a><\/td><td>&nbsp;Doutorado<\/td><\/tr><tr><td><a href=\"http:\/\/lattes.cnpq.br\/3389954422954838\">Daiana Elias Rodrigues<\/a><\/td><td>&nbsp;Doutorado<\/td><\/tr><tr><td>Daniela Caldas Teixeira<\/td><td>&nbsp;Mestrado<\/td><\/tr><tr><td><a href=\"http:\/\/lattes.cnpq.br\/7199755730477708\">D\u00e9bora Marques de Miranda<\/a><\/td><td>&nbsp;P\u00f3s-Doutorado<\/td><\/tr><tr><td><a href=\"http:\/\/buscatextual.cnpq.br\/buscatextual\/visualizacv.do?metodo=apresentar&amp;id=K4723312T6\">Eduardo Ara\u00fajo Oliveira<\/a><\/td><td>&nbsp;P\u00f3s-Doutorado<\/td><\/tr><tr><td><a href=\"http:\/\/buscatextual.cnpq.br\/buscatextual\/visualizacv.do?metodo=apresentar&amp;id=K4260852H9\">Elaine Alvarenga de Almeida Carvalho<\/a><\/td><td>&nbsp;Doutorado<\/td><\/tr><tr><td><a href=\"http:\/\/buscatextual.cnpq.br\/buscatextual\/visualizacv.do?metodo=apresentar&amp;id=K4795389U6\">Eleonora Druve Tavares Fagundes<\/a><\/td><td>&nbsp;P\u00f3s Doutorado<\/td><\/tr><tr><td><a href=\"http:\/\/lattes.cnpq.br\/2181565480942793\">Ericka Viana Machado Carellos<\/a><\/td><td>&nbsp;Doutorado<\/td><\/tr><tr><td><a href=\"http:\/\/buscatextual.cnpq.br\/buscatextual\/visualizacv.do?metodo=apresentar&amp;id=K4792683J7\">Fabiana Maria Kakehasi<\/a><\/td><td>&nbsp;Doutorado<\/td><\/tr><tr><td><a href=\"http:\/\/lattes.cnpq.br\/1102136200806181\">Fernanda Gontijo Minafra Silveira Santos<\/a><\/td><td>&nbsp;Doutorado<\/td><\/tr><tr><td><a href=\"http:\/\/buscatextual.cnpq.br\/buscatextual\/visualizacv.do?id=K4432901H8\">Fl\u00e1via Cristina de Carvalho Mrad<\/a><\/td><td>&nbsp;Doutorado<\/td><\/tr><tr><td><a href=\"http:\/\/lattes.cnpq.br\/0261513455774567\">Fl\u00e1via Gomes Faleiro Ferreira<\/a><\/td><td>&nbsp;Doutorado<\/td><\/tr><tr><td><a href=\"http:\/\/buscatextual.cnpq.br\/buscatextual\/visualizacv.do?id=K4242307D7\">Guilherme Rache Gaspar<\/a><\/td><td>&nbsp;Mestrado<\/td><\/tr><tr><td><a href=\"https:\/\/www.medicina.ufmg.br\/ped\/corpo-docente\/\">Isabela Resende Silva Scherrer<\/a><\/td><td>\u00a0Doutorado<\/td><\/tr><tr><td><a href=\"http:\/\/buscatextual.cnpq.br\/buscatextual\/visualizacv.do?metodo=apresentar&amp;id=K4783607Z8\">Ivani Novato Silva<\/a><\/td><td>&nbsp;Doutorado<\/td><\/tr><tr><td><a href=\"http:\/\/lattes.cnpq.br\/1555066106638259\">Jana\u00edna Matos Moreira<\/a><\/td><td>&nbsp;Doutorado<\/td><\/tr><tr><td><a href=\"http:\/\/buscatextual.cnpq.br\/buscatextual\/visualizacv.do?metodo=apresentar&amp;id=K4792602A9\">Jorge Andrade Pinto<\/a><\/td><td>&nbsp;Doutorado<\/td><\/tr><tr><td><a href=\"http:\/\/buscatextual.cnpq.br\/buscatextual\/visualizacv.do?metodo=apresentar&amp;id=K4709720P9\">Juliana Gurgel Giannetti<\/a><\/td><td>&nbsp;P\u00f3s-Doutorado<\/td><\/tr><tr><td><a href=\"http:\/\/buscatextual.cnpq.br\/buscatextual\/visualizacv.do?metodo=apresentar&amp;id=K4594848H2\">Juliana Ferreira de Souza<\/a><\/td><td>&nbsp;Doutorado&nbsp;<\/td><\/tr><tr><td><a href=\"https:\/\/lattes.cnpq.br\/7135807280688850\">Kevin Augusto Farias de Alvarenga<\/a><\/td><td> Mestrado<\/td><\/tr><tr><td><a href=\"http:\/\/buscatextual.cnpq.br\/buscatextual\/visualizacv.do?metodo=apresentar&amp;id=K4790425Z2\">Keyla Christy Christine Mendes S. Cunha<\/a><\/td><td>&nbsp;Doutorado<\/td><\/tr><tr><td><a href=\"http:\/\/lattes.cnpq.br\/0221554978772182\">La\u00eds Meirelles Nicoliello Vieira<\/a><\/td><td>&nbsp;Doutorado<\/td><\/tr><tr><td>La\u00eds Munhoz Soares<\/td><td> Mestrado<\/td><\/tr><tr><td><a href=\"http:\/\/buscatextual.cnpq.br\/buscatextual\/visualizacv.do?metodo=apresentar&amp;id=K4164551E6\">Laura Maria Beliz\u00e1rio F. Lasmar<\/a><\/td><td>&nbsp;Doutorado<\/td><\/tr><tr><td><a href=\"http:\/\/buscatextual.cnpq.br\/buscatextual\/visualizacv.do?metodo=apresentar&amp;id=K4137096D5\">Leni M\u00e1rcia Anchieta<\/a><\/td><td>&nbsp;Doutorado<\/td><\/tr><tr><td>Ligia Maria Alves dos Santos Pertence<\/td><td>&nbsp;Mestrado<\/td><\/tr><tr><td><a href=\"http:\/\/buscatextual.cnpq.br\/buscatextual\/visualizacv.do?metodo=apresentar&amp;id=K4259795D1\">Lilian Martins Oliveira Diniz<\/a><\/td><td>&nbsp;Doutorado<\/td><\/tr><tr><td>L\u00edvia Maria Ferreira Sobrinho<\/td><td> Mestrado<\/td><\/tr><tr><td>Lorena Nascimento Girardi Madeira<\/td><td> Doutorado<\/td><\/tr><tr><td><a href=\"http:\/\/buscatextual.cnpq.br\/buscatextual\/visualizacv.do?metodo=apresentar&amp;id=K4221386U2\">M\u00e1rcia Gomes Penido Machado<\/a><\/td><td>&nbsp;Doutorado<\/td><\/tr><tr><td><a href=\"http:\/\/buscatextual.cnpq.br\/buscatextual\/visualizacv.do?metodo=apresentar&amp;id=K4776312U8\">Maria Albertina Santiago Rego<\/a><\/td><td>&nbsp;Doutorado<\/td><\/tr><tr><td><a href=\"http:\/\/buscatextual.cnpq.br\/buscatextual\/visualizacv.do?metodo=apresentar&amp;id=K4701371D4\">Maria C\u00e2ndida F. Bouzada Viana<\/a><\/td><td>&nbsp;P\u00f3s-Doutorado<\/td><\/tr><tr><td><a href=\"http:\/\/buscatextual.cnpq.br\/buscatextual\/visualizacv.do?metodo=apresentar&amp;id=K4784008J2\">Maria Do Carmo Barros De Melo<\/a><\/td><td>&nbsp;P\u00f3s-Doutorado<\/td><\/tr><tr><td>Maria Christina Lopes Ara\u00fajo Oliveira<\/td><td>\u00a0P\u00f3s-Doutorado<\/td><\/tr><tr><td>Mariana Antunes Faria Lima<\/td><td> Mestrado<\/td><\/tr><tr><td>Mariana Isadora Ribeiro Vieira<\/td><td> Mestrado<\/td><\/tr><tr><td><a href=\"http:\/\/lattes.cnpq.br\/1983725712452930\">Paula Valladares Guerra Resende<\/a><\/td><td>&nbsp;Doutorado<\/td><\/tr><tr><td><a href=\"http:\/\/lattes.cnpq.br\/2222273047074974\">Priscila Menezes Ferri Liu<\/a><\/td><td>&nbsp;Doutorado<\/td><\/tr><tr><td><a href=\"http:\/\/buscatextual.cnpq.br\/buscatextual\/visualizacv.do?id=K4246040E1\">Ricardo Alexandre de Souza<\/a><\/td><td>&nbsp;Doutorado<\/td><\/tr><tr><td><a href=\"http:\/\/buscatextual.cnpq.br\/buscatextual\/visualizacv.do?metodo=apresentar&amp;id=K4756571Y9\">Roberta Maia de Castro Romanelli<\/a><\/td><td>&nbsp;P\u00f3s-Doutorado<\/td><\/tr><tr><td><a href=\"http:\/\/lattes.cnpq.br\/8939789143675366\">Romina Aparecida dos Santos Gomes<\/a><\/td><td>&nbsp;Mestrado<\/td><\/tr><tr><td><a href=\"http:\/\/buscatextual.cnpq.br\/buscatextual\/visualizacv.do?metodo=apresentar&amp;id=K4706301D2\">S\u00e9rgio Veloso Brant Pinheiro<\/a><\/td><td>&nbsp;Doutorado<\/td><\/tr><tr><td><a href=\"http:\/\/lattes.cnpq.br\/8798932335726536\">S\u00edlvio Cesar Zeppone<\/a><\/td><td>&nbsp;Doutorado<\/td><\/tr><tr><td><a href=\"https:\/\/lattes.cnpq.br\/1130454081543173\">T\u00e2nia Maria Sousa Barreto<\/a><\/td><td>\u00a0Doutorado<\/td><\/tr><\/tbody><\/table><\/figure>\n\n\n\n<p><strong>PROJETOS\/COORDENADORES DOS PROGRAMAS<\/strong><br><strong>DO OBSERVAT\u00d3RIO DA CRIAN\u00c7A E DO ADOLESCENTE<\/strong><\/p>\n\n\n\n<figure class=\"wp-block-table\"><table><tbody><tr><td><strong>Projetos<\/strong><\/td><td><strong>Coordenadores<\/strong><\/td><\/tr><tr><td>1. &nbsp; &nbsp; &nbsp; &nbsp;A\u00e7\u00f5es para redu\u00e7\u00e3o da morbimortalidade infantil e apoio ao aleitamento materno no estado de minas gerais &#8211; eixo tem\u00e1tico do observaped<\/td><td>Maria C\u00e2ndida Ferrarez Bouzada Viana<\/td><\/tr><tr><td>2. \u00a0 \u00a0 \u00a0 \u00a0\u00a0Caderneta de sa\u00fade da crian\u00e7a<\/td><td>Silvio C\u00e9sar Zeppone<\/td><\/tr><tr><td>3. \u00a0 \u00a0 \u00a0 \u00a0\u00a0Pediatria de A a Z<\/td><td>Lais Munhoz Soares<\/td><\/tr><tr><td>4. \u00a0 \u00a0 \u00a0 \u00a0\u00a0Pneumologia: Respirando feliz<\/td><td>Laura Maria de Lima B. Facury Lasmar<\/td><\/tr><tr><td>5. \u00a0 \u00a0 \u00a0 \u00a0\u00a0Doen\u00e7as infecciosas e parasit\u00e1rias<\/td><td>Elaine Alvarenga De Almeida Carvalho<\/td><\/tr><tr><td>6. \u00a0 \u00a0 \u00a0 \u00a0\u00a0Qualidade de vida e diagn\u00f3stico precoce do c\u00e2ncer na inf\u00e2ncia e na adolesc\u00eancia<\/td><td>Maria Christina Lopes Araujo Oliveira<\/td><\/tr><tr><td>7. \u00a0 \u00a0 \u00a0 \u00a0\u00a0Seguran\u00e7a da crian\u00e7a e do adolescente<\/td><td>Ana Paula Pereira de Oliveira<\/td><\/tr><tr><td>8. \u00a0 \u00a0 \u00a0 \u00a0\u00a0Preven\u00e7\u00e3o de obesidade e outros dist\u00farbios nutricionais<\/td><td>Elaine Alvarenga De Almeida Carvalho<\/td><\/tr><\/tbody><\/table><\/figure>\n\n\n<\/p>","protected":false},"excerpt":{"rendered":"<p>Nome Titula\u00e7\u00e3o Adriana Teixeira Rodrigues Doutorado Alexandre Rodrigues Ferreira Doutorado Aline Almeida Bentes Doutorado Ana Cristina Sim\u00f5es e Silva P\u00f3s-Doutorado Ana Elisa Ribeiro Fernandes &nbsp;Mestrado Ana Maria Costa da Silva Lopes &nbsp;Doutorado Ana Paula Pereira de Oliveira Mestrado Benigna Maria de Oliveira &nbsp;Doutorado Camila Silva Peres Cancela &nbsp;Doutorado C\u00e1ssio da Cunha Ibiapina &nbsp;P\u00f3s-Doutorado Cl\u00e1udia Machado [&hellip;]<\/p>\n","protected":false},"author":27,"featured_media":0,"parent":0,"menu_order":0,"comment_status":"closed","ping_status":"closed","template":"","meta":{"footnotes":""},"class_list":["post-27","page","type-page","status-publish","hentry"],"_links":{"self":[{"href":"https:\/\/www.medicina.ufmg.br\/ped\/wp-json\/wp\/v2\/pages\/27","targetHints":{"allow":["GET"]}}],"collection":[{"href":"https:\/\/www.medicina.ufmg.br\/ped\/wp-json\/wp\/v2\/pages"}],"about":[{"href":"https:\/\/www.medicina.ufmg.br\/ped\/wp-json\/wp\/v2\/types\/page"}],"author":[{"embeddable":true,"href":"https:\/\/www.medicina.ufmg.br\/ped\/wp-json\/wp\/v2\/users\/27"}],"replies":[{"embeddable":true,"href":"https:\/\/www.medicina.ufmg.br\/ped\/wp-json\/wp\/v2\/comments?post=27"}],"version-history":[{"count":34,"href":"https:\/\/www.medicina.ufmg.br\/ped\/wp-json\/wp\/v2\/pages\/27\/revisions"}],"predecessor-version":[{"id":1213,"href":"https:\/\/www.medicina.ufmg.br\/ped\/wp-json\/wp\/v2\/pages\/27\/revisions\/1213"}],"wp:attachment":[{"href":"https:\/\/www.medicina.ufmg.br\/ped\/wp-json\/wp\/v2\/media?parent=27"}],"curies":[{"name":"wp","href":"https:\/\/api.w.org\/{rel}","templated":true}]}}