{"id":22,"date":"2015-02-25T19:02:50","date_gmt":"2015-02-25T19:02:50","guid":{"rendered":"https:\/\/www.medicina.ufmg.br\/pro\/?page_id=22"},"modified":"2022-12-12T18:48:17","modified_gmt":"2022-12-12T18:48:17","slug":"corpo-docente","status":"publish","type":"page","link":"https:\/\/www.medicina.ufmg.br\/pro\/corpo-docente\/","title":{"rendered":"Corpo Docente"},"content":{"rendered":"\n<figure class=\"wp-block-table\"><table><tbody><tr><td><strong>Nome<\/strong><\/td><td><strong>Titula\u00e7\u00e3o<\/strong><\/td><td><strong>\u00c1rea<\/strong><\/td><td><strong>Email<\/strong><\/td><\/tr><tr><td><a href=\"http:\/\/lattes.cnpq.br\/327183058083474\">Bruce Mendes Campos Magnani<\/a><\/td><td>Mestre<\/td><td>Patologia Cl\u00ednica<\/td><td>brumencam@gmail.com<\/td><\/tr><tr><td><a href=\"http:\/\/lattes.cnpq.br\/0332004373482018\" target=\"_blank\" rel=\"noopener noreferrer\">Chams Bicalho Maluf<\/a><\/td><td>Doutor<\/td><td>Patologia Cl\u00ednica<\/td><td>chamsbm@bol.com.br<\/td><\/tr><tr><td><a href=\"http:\/\/lattes.cnpq.br\/6405066726523936\" target=\"_blank\" rel=\"noopener noreferrer\">Dulciene M. Magalh\u00e3es Queiroz<\/a><\/td><td>Doutor<\/td><td>Patologia Cl\u00ednica<\/td><td>dulcienequeiroz@gmail.com<\/td><\/tr><tr><td><a href=\"http:\/\/lattes.cnpq.br\/0311957626370082\" target=\"_blank\" rel=\"noopener noreferrer\">Fabiana Chagas Camargos Piassi<\/a><\/td><td>Doutor<\/td><td>Patologia Cl\u00ednica<\/td><td>facamargos@gmail.com<\/td><\/tr><tr><td><a href=\"http:\/\/lattes.cnpq.br\/2928557370652656\" target=\"_blank\" rel=\"noopener noreferrer\">Fabiano de Almeida Brito<\/a><\/td><td>Doutor<\/td><td>Patologia Cl\u00ednica<\/td><td>fabdoc@ig.com.br<\/td><\/tr><tr><td><a href=\"http:\/\/lattes.cnpq.br\/1088141854666563\" target=\"_blank\" rel=\"noopener noreferrer\">Gifone Aguiar Rocha<\/a><\/td><td>Doutor<\/td><td>Patologia Cl\u00ednica<\/td><td>gifonerocha@gmail.com<\/td><\/tr><tr><td><a href=\"http:\/\/lattes.cnpq.br\/9129837251984424\" target=\"_blank\" rel=\"noopener noreferrer\">Juliana Maria Camargos Rocha<\/a><\/td><td>Doutor<\/td><td>Patologia Cl\u00ednica<\/td><td>camargos.juliana@gmail.com<\/td><\/tr><tr><td><a rel=\"noopener noreferrer\" href=\"http:\/\/lattes.cnpq.br\/4971259001793009\" target=\"_blank\">Leonardo de Souza Vasconcellos<\/a><\/td><td>Doutor<\/td><td>Patologia Cl\u00ednica<\/td><td>leonardos_vasconcellos@yahoo.com.br<\/td><\/tr><tr><td><a href=\"http:\/\/lattes.cnpq.br\/3383412548851319\" target=\"_blank\" rel=\"noopener noreferrer\">Let\u00edcia Maria Henriques Resende<\/a><\/td><td>Mestre<\/td><td>Patologia Cl\u00ednica<\/td><td>leticiamh.resende@gmail.com<\/td><\/tr><tr><td><a href=\"http:\/\/lattes.cnpq.br\/2642502722237718\" target=\"_blank\" rel=\"noopener noreferrer\">Luciana de Gouv\u00eaa Viana<\/a><\/td><td>Doutor<\/td><td>Patologia Cl\u00ednica<\/td><td>lucianagv@medicina.ufmg.br<\/td><\/tr><tr><td>Luis Gustavo Raimundo<\/td><td>Doutor<\/td><td>Patologia Cl\u00ednica <\/td><td>luispatologia@gmail.com<\/td><\/tr><tr><td><a href=\"http:\/\/lattes.cnpq.br\/9839284561306239\" target=\"_blank\" rel=\"noopener noreferrer\">Pedro Guatimosim Vidigal<\/a><\/td><td>Doutor<\/td><td>Patologia Cl\u00ednica<\/td><td>pedrovidigal@ufmg.br<\/td><\/tr><tr><td><a href=\"http:\/\/lattes.cnpq.br\/7025019310659967\" target=\"_blank\" rel=\"noopener noreferrer\">Rosa Malena Delbone de Faria<\/a><\/td><td>Doutor<\/td><td>Hematologia<\/td><td>rosa.malena@medicina.ufmg.br<\/td><\/tr><tr><td><a href=\"http:\/\/lattes.cnpq.br\/1776607181645698\" target=\"_blank\" rel=\"noopener noreferrer\">Sandra Guerra Xavier<\/a><\/td><td>P\u00f3s-Doutora<\/td><td>Patologia Cl\u00ednica<\/td><td>sandraguerra.xavier@gmail.com<\/td><\/tr><tr><td>Silvana Maria Eloi Santos<\/td><td>Doutor <\/td><td>Patologia Cl\u00ednica <\/td><td>silvana.eloi@gmail.com<\/td><\/tr><tr><td><a href=\"http:\/\/lattes.cnpq.br\/5995059897264013\" target=\"_blank\" rel=\"noopener noreferrer\">Suzane Pretti Figueiredo Neves<\/a><\/td><td>Doutor<\/td><td>Patologia Cl\u00ednica<\/td><td>suzane@medicina.ufmg.br<\/td><\/tr><tr><td><a href=\"http:\/\/lattes.cnpq.br\/3963435047032324\" target=\"_blank\" rel=\"noopener noreferrer\">Taciana de Figueiredo Soares<\/a><\/td><td>Doutor<\/td><td>Patologia Cl\u00ednica<\/td><td>taciana@medicina.ufmg.br<\/td><\/tr><tr><td><a href=\"http:\/\/lattes.cnpq.br\/0691862332352884\" target=\"_blank\" rel=\"noopener noreferrer\">Wanessa Trindade Clemente<\/a><\/td><td>P\u00f3s-Doutora<\/td><td>Patologia Cl\u00ednica<\/td><td>wanclemente@yahoo.com.br<\/td><\/tr><\/tbody><\/table><\/figure>\n","protected":false},"excerpt":{"rendered":"<p>Nome Titula\u00e7\u00e3o \u00c1rea Email Bruce Mendes Campos Magnani Mestre Patologia Cl\u00ednica brumencam@gmail.com Chams Bicalho Maluf Doutor Patologia Cl\u00ednica chamsbm@bol.com.br Dulciene M. Magalh\u00e3es Queiroz Doutor Patologia Cl\u00ednica dulcienequeiroz@gmail.com Fabiana Chagas Camargos Piassi Doutor Patologia Cl\u00ednica facamargos@gmail.com Fabiano de Almeida Brito Doutor Patologia Cl\u00ednica fabdoc@ig.com.br Gifone Aguiar Rocha Doutor Patologia Cl\u00ednica gifonerocha@gmail.com Juliana Maria Camargos Rocha Doutor [&hellip;]<\/p>\n","protected":false},"author":27,"featured_media":0,"parent":0,"menu_order":0,"comment_status":"closed","ping_status":"closed","template":"","meta":{"footnotes":""},"class_list":["post-22","page","type-page","status-publish","hentry"],"_links":{"self":[{"href":"https:\/\/www.medicina.ufmg.br\/pro\/wp-json\/wp\/v2\/pages\/22","targetHints":{"allow":["GET"]}}],"collection":[{"href":"https:\/\/www.medicina.ufmg.br\/pro\/wp-json\/wp\/v2\/pages"}],"about":[{"href":"https:\/\/www.medicina.ufmg.br\/pro\/wp-json\/wp\/v2\/types\/page"}],"author":[{"embeddable":true,"href":"https:\/\/www.medicina.ufmg.br\/pro\/wp-json\/wp\/v2\/users\/27"}],"replies":[{"embeddable":true,"href":"https:\/\/www.medicina.ufmg.br\/pro\/wp-json\/wp\/v2\/comments?post=22"}],"version-history":[{"count":27,"href":"https:\/\/www.medicina.ufmg.br\/pro\/wp-json\/wp\/v2\/pages\/22\/revisions"}],"predecessor-version":[{"id":1377,"href":"https:\/\/www.medicina.ufmg.br\/pro\/wp-json\/wp\/v2\/pages\/22\/revisions\/1377"}],"wp:attachment":[{"href":"https:\/\/www.medicina.ufmg.br\/pro\/wp-json\/wp\/v2\/media?parent=22"}],"curies":[{"name":"wp","href":"https:\/\/api.w.org\/{rel}","templated":true}]}}